36. Suppose 2*f = 5*o - 23517, 5*f + q = 4. Is o prime?
True
Let s = -130 + 136. Let x(t) = -t**3 + 9*t**2 - 6*t + 11. Is x(s) prime?
True
Let z = -7 - -4. Let g = -9 - -6. Is ((-93)/g - 2)/(z/(-9)) a prime number?
False
Let l(j) = j**3 - 13*j**2 + 20*j + 15. Let a be l(11). Let g = a + 92. Is g composite?
True
Let t = 505567 - 330726. Is t prime?
False
Let m(z) = 5*z**2 - 7*z - 9. Let j be m(13). Suppose -l - j = -o, o + 1470 = 3*o + 3*l. Suppose -3*k + 552 + o = 0. Is k a composite number?
False
Let a(o) = 9*o**3 - o**2 + o - 1. Suppose 2*y = -3*f + 7, 2*f + 3*y = 3*f - 17. Let b be a(f). Suppose -b - 838 = -2*q. Is q prime?
True
Suppose 5*k - 2310331 = 2*y, k + 15*y - 18*y = 462061. Is k composite?
False
Suppose 5*q + 2*i - 16 = -i, 4*q + 5*i - 18 = 0. Suppose q*v + 2*v - 5000 = 0. Suppose 2*r + 5*g - v = 0, 1901 = 3*r - g + 2*g. Is r prime?
False
Let m = 83 - 88. Let w(n) = 0*n + 9*n**2 + 11*n + 4 - 4*n**2 - 3*n. Is w(m) a composite number?
False
Let t be (3*109)/(1/((-8)/(-3))). Suppose -2*q - 5*v + 6667 = 0, 0 = q + 5*v - 3343 - 3. Let l = t + q. Is l composite?
True
Let s = -20 + 5. Let v be (-476)/(-3) + -2 - 20/s. Let j = v - 91. Is j a composite number?
False
Let i(m) = m**3 - 9*m**2 + 7*m + 8. Let r be i(8). Let d(j) = -j + 23105. Is d(r) a composite number?
True
Let z = 13 - -499. Let y(l) = -l**3 + 22*l - 35. Let c be y(-8). Let p = z - c. Is p a prime number?
True
Suppose 0 = -2*d - 9 - 5, -1089093 = -5*n + 4*d. Is n a composite number?
True
Is ((-35)/(-105))/((-12)/(-6856956)) a prime number?
True
Let w(g) = 222*g - 18. Let n be w(5). Let j = n + 1294. Is j a composite number?
True
Suppose 2*s + 14 = 5*g, 5*s = -11*g + 13*g - 14. Let j be ((55/s)/(-5))/((-10)/(-20)). Is 1031*3*(12 - j) prime?
False
Let c(x) = 920*x**2 - 29*x - 185. Is c(-6) prime?
False
Suppose 0 = -19*u + 23*u - 20. Suppose -4*n = u*f - 14 - 4, -3*f = n - 8. Suppose 2*k = 2*a - 4188, 0*k = -3*a + f*k + 6287. Is a a composite number?
False
Is (((-2297152182)/52)/(-41))/(6/4) prime?
False
Let g = 342 - 162. Let b = -95 + g. Is b prime?
False
Let j be ((-9)/(-81) - (-138)/(-27))*-1. Is 2 - (-8 + (-4084 - j)) a prime number?
True
Suppose 0 = -9*c - 36*c - 4140. Is (-3195)/(-2) + -12 + c/(-8) prime?
True
Let w be 109 - 5/(20/(-8)). Let o be 9/3*(-6)/(-9) + 67. Suppose o*b - 72*b + w = 0. Is b a prime number?
True
Suppose -881 = j + 3*x, 950 = -2*j - 5*x - 808. Suppose -l = 2*h - 4*l - 4763, 0 = -4*h - 3*l + 9553. Let g = h + j. Is g a prime number?
False
Let u(p) = 8*p. Let o(a) = -90*a + 121. Let z(f) = o(f) - 6*u(f). Is z(-21) a composite number?
False
Suppose -17 = -12*y + 7. Suppose r - 153 = -y*r. Is 148/(-2)*r/(-6) a prime number?
False
Let x be 27981 - (4 + (-12)/3). Suppose 336*m - 327*m = x. Is m composite?
False
Suppose -l + 1969 = 403. Suppose 98*v - 11755 = -2795 + 13482. Suppose -5*k + v = -l. Is k composite?
False
Let u be 0/((-14)/7)*1. Suppose -7*g + 23071 + 3151 = u. Is g a composite number?
True
Let i = 14 - 12. Suppose 20 = -5*a, 5*m - i*a - 9198 = -0*m. Is (m/4)/(6/12) a prime number?
True
Let v(j) = 12971*j**2 - 135*j - 683. Is v(-5) a composite number?
True
Let i be (3 + -5)/(1/(-2)). Let x be 15 + -9 - i/(-2). Is (-6)/8 + 1598/x composite?
False
Let n(d) = 9132*d**2 + 96*d - 41. Is n(3) prime?
False
Let b(m) = 72*m - 131. Let x(k) = 141*k - 262. Let c(j) = -13*b(j) + 6*x(j). Is c(-11) a composite number?
True
Suppose 3*i - 83097 - 21324 = 0. Is i a composite number?
False
Let s = -116 + 118. Is 2*(4 + 2369/s + -3) composite?
False
Let j(u) = 884*u - 30. Let c be j(5). Let r = -2169 + c. Is r prime?
True
Let s(p) = 21*p - 16. Let k be s(1). Suppose k*o = -5*j + 2210, 5*o - 2*j = 2299 - 82. Is o a prime number?
True
Suppose o + 435568 = 4*o - 1236017. Is o composite?
True
Let m be (51 - 31)*(-2 + (-3)/(-4)). Is (-5)/m - 55242/(-15) composite?
True
Let p(c) = 35*c**2 + 49*c - 1559. Is p(-68) prime?
False
Let k = -66 + 74. Let v be k/(-28) + 0 + (-4190)/(-14). Let y = 594 - v. Is y composite?
True
Suppose 0 = -2*j + 3*y + 20, 5*y + 0*y = 3*j - 32. Let b(n) = -4*n**3 - n**2 + 5*n + 5. Let o be b(j). Let w = o + 540. Is w a composite number?
False
Suppose 3*u + 291 = -4*c, -5*u = -4*c - u - 256. Let w = c - -70. Is 10*w/((-4)/(-454)) a composite number?
True
Let r(t) = -77*t - 163. Let b(h) = -153*h - 325. Let m(o) = 2*b(o) - 5*r(o). Is m(44) prime?
False
Let j(k) = -k**2 - k - 2. Let n be (8/12)/(-2) - (-4)/(-6). Let d be j(n). Is 4629/d*28/(-42) prime?
True
Let u(a) = 42*a - 68. Let y be u(2). Is (-9239)/(-2)*(y + -21 + 7) a prime number?
True
Suppose -3669323 - 4723611 = -14*s - 20*s. Is s a composite number?
True
Suppose c + 2*c = 3522. Let q = 2549 - c. Suppose 3*a = -s + 878, 4*a + 206 - q = -3*s. Is a a composite number?
False
Let f = 26316 + 1203. Is f a prime number?
False
Let h = 41 - 28. Let d(p) = -2*p**2 - 24*p + 5. Let r be d(-8). Let v = r + h. Is v a composite number?
True
Let s(x) = 4*x**2 - 26*x - 13. Let u be s(7). Is u*-6 + 2638790/70 prime?
True
Suppose 0 = -8*i + 9*i - 636. Let r = 322 - i. Is (-1 + -3)*r/4 prime?
False
Let v(d) = -1042576*d**3 - 10*d**2 + 4*d + 15. Is v(-1) a composite number?
False
Let s be (-1)/((-14)/4) + (-122)/(-14). Suppose 11*i = s*i + 226. Let d = 380 + i. Is d composite?
True
Is (5 + 1 - -1) + -32 + 1435016 a composite number?
False
Let r(q) = 1009*q + 430. Is r(27) composite?
False
Let o = 402866 + -267307. Is o a composite number?
False
Suppose -150*d - 92162 + 66274712 = 0. Is d a composite number?
True
Suppose 3*v - 4*w = 62413, 0 = 2*v - 24*w + 28*w - 41602. Is v prime?
False
Suppose -3*l - 3*s + 4 = s, 0 = 2*l + 4*s. Suppose -7370 + 1030 = -l*t. Suppose -5*p - 5*v = -t, -4*p - 3*v = -6*p + 644. Is p composite?
True
Suppose 0 = -67*y - 152*y + 38996673. Is y a prime number?
True
Suppose -3*b + 2*b = -4*j - 7, 0 = 2*j - 4*b + 14. Let v(f) = -2*f**2 - 872*f**3 - 17*f - 3 - 14*f - 11*f + 38*f. Is v(j) a prime number?
False
Let n = -113368 + 202811. Is n a prime number?
True
Let o = 95 + -90. Suppose -11*t = -7*t + c - 21546, 0 = -o*c - 10. Is t a prime number?
True
Let n(c) = 68790*c - 5841. Is n(7) a prime number?
False
Suppose -13*d + 4*j + 377376 = -9*d, -377369 = -4*d - 3*j. Is d a composite number?
False
Suppose 0 = 5*h + 2*i + 3298, -5*i = -h + 2*h + 678. Is (-5 + 10 + h)*-1 a composite number?
False
Let d = 190623 + -95026. Is d a composite number?
False
Suppose -753 - 182 = -5*u. Let z = 1582 - u. Suppose 0 = 4*w - z - 569. Is w a composite number?
False
Suppose 0 = 10*w - 1535 - 2785. Suppose -19*y - w = -27*y. Let q = 4 + y. Is q composite?
True
Let i be 1 + -3 - 0 - (58 + -60). Suppose -9*s - 26201 = -11*s + 5*j, i = s + 5*j - 13078. Is s a prime number?
True
Let l = -14535 - -20929. Let z be (-3)/((-6)/l) + (-3)/1. Is 64/(-128)*(z/(-2) + -1) a prime number?
False
Let z(j) = -j**3 - j**2 + j - 10. Let y be z(0). Let s(q) = -7*q**2 + 19*q - 31 - 5*q**2 + 18*q**2. Is s(y) a composite number?
False
Let n(b) = -b**3 - b**2 + 3*b + 2. Let t be n(-3). Let f be -19*1 - (-22)/t. Let k(c) = -86*c - 21. Is k(f) a composite number?
True
Let l be -3*(-6)/9 - -4. Let a(d) = 3*d + 5*d**2 - d**2 + l*d**2 - 12 + 0. Is a(-5) a composite number?
False
Let b(t) = -610*t + 637. Is b(-36) prime?
False
Suppose 6595068 = 18*h - 414384. Is h a composite number?
True
Suppose 4*l = 2*p - 0*p + 18, 4*l - 3*p - 17 = 0. Let s(q) = 241*q**2 - 50*q - 2. Is s(l) composite?
True
Suppose -41*a - 358015 = -1683422. Is a prime?
True
Suppose 4*c - 17597 = 5*k + 585424, 3*c - 5*k = 452272. Is c a composite number?
True
Is 10/(-3) - -3 - (-803204)/6 composite?
True
Is 30/10 - -11 - -132089 prime?
True
Suppose -325*o + 314*o = 154. Is 6812 + 9/18*o prime?
False
Let r = 1137967 - 691760. Is r prime?
False
Let s = 5873 + -2004. Is s a composite number?
True
Is (-651)/868 - (-127934)/8 prime?
True
Suppose 32*q - 33199 = 687793. Is q a prime number?
True
Let c(l) = l**2 - 16*l + 15. Let s be c(15). Suppose s = -j + 811 - 158. Is j a composite number?
False
Is 7914774/490 + (-4)/(-10) a prime number?
False
Let a = 113986 - 60177. Is a a prime number?
False
Let v = -2687 - -7132. Let y = v + -2648. Is y prime?
False
Let k = 481 - 460. Is 138790/14 + (-2 - (-30)/k) composite?
True
Suppose -4*p = 7 - 19. Suppose -3*h - 3*o - p = 0